{"id":341,"date":"2021-06-08T17:18:18","date_gmt":"2021-06-08T15:18:18","guid":{"rendered":"http:\/\/www.charente2050.fr\/?page_id=341"},"modified":"2021-06-14T18:28:22","modified_gmt":"2021-06-14T16:28:22","slug":"scenarios-exploratoires","status":"publish","type":"page","link":"https:\/\/www.charente2050.fr\/?page_id=341","title":{"rendered":"Sc\u00e9narios exploratoires"},"content":{"rendered":"\n<p>Les 4 sc\u00e9narios globaux de la d\u00e9marche Charente 2050 sont issus d\u2019un travail de prospective mis en \u0153uvre avec une centaine d\u2019acteurs du territoire du bassin de la Charente sur la gestion de l\u2019eau. Les acteurs ont \u00e9labor\u00e9 durant deux s\u00e9ries d\u2019ateliers, les enjeux, puis les futurs possibles d\u2019ici 2050 sur la base desquels ils ont formalis\u00e9 des micro-sc\u00e9narios th\u00e9matiques.<\/p>\n\n\n\n<p>Nous sommes repartis d\u2019une mati\u00e8re de 41 micro-sc\u00e9narios que nous avons assembl\u00e9s en 4 grands sc\u00e9narios transversaux aux th\u00e9matiques. Ces 4 grands sc\u00e9narios peuvent repr\u00e9senter une image du futur, mais clairement ne concentrent pas tous les futurs possibles d\u2019ici 2050. Le pire ou le meilleur n\u2019est jamais totalement ni exhaustivement d\u00e9crit. Ces sc\u00e9narios agglom\u00e8rent les futurs choisis comme importants \u00e0 prendre en compte.<\/p>\n\n\n\n<p>L\u2019exercice de prospective ne consiste pas \u00e0 choisir parmi ces 4 sc\u00e9narios lequel est \u00e0 prendre en priorit\u00e9 pour sa r\u00e9alisation mais plut\u00f4t \u00e0 \u00e9clairer des voies possibles souhaitables ou non. Partant du fait que ces 4 grands sc\u00e9narios sont la somme de toutes les voies imagin\u00e9es par les participants, la suite de l\u2019exercice est plut\u00f4t de se concentrer sur comment atteindre ou \u00e9viter tout ou parties de ces 4 sc\u00e9narios. Les 4 grands sc\u00e9narios sont n\u00e9anmoins la somme de micro sc\u00e9narios dont la souhaitabilit\u00e9 et la probabilit\u00e9 ont \u00e9t\u00e9 \u00e9valu\u00e9es par les participants \u00e0 la suite de leur construction. Les sc\u00e9narios sont class\u00e9s du moins souhaitable au plus souhaitable si l\u2019on consid\u00e8re l\u2019\u00e9valuation des micro-sc\u00e9narios dont ils sont l\u2019agglom\u00e9ration.<\/p>\n\n\n\n<p><\/p>\n\n\n\n<p class=\"has-text-align-center has-large-font-size\"><strong><a href=\"http:\/\/www.charente2050.fr\/wp-content\/uploads\/2021\/06\/03_Scenarios_Charente2050_VF.pdf\" data-type=\"URL\" data-id=\"http:\/\/www.charente2050.fr\/wp-content\/uploads\/2021\/06\/03_Scenarios_Charente2050_VF.pdf\">T\u00e9l\u00e9charger les 4 sc\u00e9narios globaux<\/a><\/strong><\/p>\n\n\n\n<p class=\"has-text-align-center has-large-font-size\"> <strong><a href=\"http:\/\/www.charente2050.fr\/wp-content\/uploads\/2021\/06\/01_Charente2050_eval_Synthese.pdf\" data-type=\"URL\" data-id=\"http:\/\/www.charente2050.fr\/wp-content\/uploads\/2021\/06\/01_Charente2050_eval_Synthese.pdf\">T\u00e9l\u00e9charger l&rsquo;\u00e9valuation des sc\u00e9narios<\/a><\/strong><\/p>\n\n\n\n<p><\/p>\n\n\n\n<section id=\"section-3364bc1e-1db4-460b-8ba3-24dc972bcb18\" class=\"wp-block-gutentor-accordion gutentor-section gutentor-accordion-wrapper accordion-template1\"><div class=\"grid-container\"><div class=\"gutentor-block-header\"><div class=\"gutentor-section-title enable-title-design seperator-bottom text-center\"><h2 class=\"gutentor-title\">Sc\u00e9narios<\/h2><\/div><\/div><div class=\"grid-row gutentor-grid-item-wrap\"><div class=\"grid-md-12\"><div class=\"gutentor-accordion-wrap\"><div class=\"gutentor-single-item gutentor-single-item-0\"><div class=\"gutentor-single-item-wrap\"><div class=\"gutentor-accordion-heading\"><i class=\"gutentor-accordion-icon open-icon fas fa-plus\"><\/i><i class=\"gutentor-accordion-icon close-icon fas fa-minus\"><\/i><h3 class=\"gutentor-single-item-title\"><strong>Sc\u00e9nario 1\u00a0: En 2050, reprise en main autoritaire des questions environnementales sur le bassin de la Charente<\/strong> <\/h3><\/div><div class=\"gutentor-accordion-body\"><p class=\"gutentor-single-item-desc\">Suite \u00e0 un immobilisme et un laisser faire important, les conditions de vie se d\u00e9gradent. Les d\u00e9g\u00e2ts environnementaux font arriver au pouvoir un parti d\u2019\u00e9cologie autoritaire qui impose une r\u00e9glementation et des actions drastiques pour une reprise en main de l\u2019environnement.<br>L\u2019attentisme des premi\u00e8res ann\u00e9es a empir\u00e9 la situation et\u00a0la reprise en main n\u2019en est que plus forte vis-\u00e0-vis de l\u2019agriculture, de l\u2019am\u00e9nagement, du tourisme, des modes de vie. La r\u00e9silience de l\u2019environnement et de la soci\u00e9t\u00e9 est tr\u00e8s fortement d\u00e9grad\u00e9e.<\/p><\/div><\/div><\/div><\/div><div class=\"gutentor-accordion-wrap\"><div class=\"gutentor-single-item gutentor-single-item-1\"><div class=\"gutentor-single-item-wrap\"><div class=\"gutentor-accordion-heading\"><i class=\"gutentor-accordion-icon open-icon fas fa-plus\"><\/i><i class=\"gutentor-accordion-icon close-icon fas fa-minus\"><\/i><h3 class=\"gutentor-single-item-title\"> <strong>Sc\u00e9nario 2\u00a0: En 2050, priorit\u00e9 \u00e0 l\u2019\u00e9conomie et \u00e0 l\u2019individualisme sur le bassin de la Charente<\/strong> <\/h3><\/div><div class=\"gutentor-accordion-body\"><p class=\"gutentor-single-item-desc\">Suite \u00e0 des cycles de crises \u00e9conomiques et politiques, il est d\u00e9cid\u00e9 de d\u00e9r\u00e9guler la gestion de l\u2019environnement afin de surmonter les effets des crises \u00e9conomiques. S\u2019en suit une lib\u00e9ralisation des services de l\u2019eau, une grande libert\u00e9 dans les investissements et les am\u00e9nagements autour de l\u2019eau et des territoires ainsi qu\u2019une diminution des investissements dans les politiques environnementales.<br>La d\u00e9r\u00e9gulation provoque une euphorie \u00e9conomique et une fuite en avant du mod\u00e8le agricole intensif mais est vite rattrap\u00e9e par la d\u00e9gradation de l\u2019environnement et la diminution de ressources. La gestion d\u00e9r\u00e9gul\u00e9e ne permet plus de faire face aux changements en cours.<\/p><\/div><\/div><\/div><\/div><div class=\"gutentor-accordion-wrap\"><div class=\"gutentor-single-item gutentor-single-item-2\"><div class=\"gutentor-single-item-wrap\"><div class=\"gutentor-accordion-heading\"><i class=\"gutentor-accordion-icon open-icon fas fa-plus\"><\/i><i class=\"gutentor-accordion-icon close-icon fas fa-minus\"><\/i><h3 class=\"gutentor-single-item-title\"> <strong>Sc\u00e9nario 3\u00a0: En 2050, forte relocalisation de la production et des modes de vie sur le bassin de la Charente<\/strong> <\/h3><\/div><div class=\"gutentor-accordion-body\"><p class=\"gutentor-single-item-desc\">Suite \u00e0 une demande forte des citoyens l\u2019\u00e9conomie se relocalise. L\u2019agriculture op\u00e8re une mue pour partir sur des syst\u00e8mes de production plus agro-\u00e9cologique et une consommation plus localis\u00e9e. Pour faciliter cette transition, des r\u00e9serves multi-usages sont constitu\u00e9es afin de s\u00e9curiser la production. L\u2019agriculture joue le jeu au m\u00eame titre que l\u2019am\u00e9nagement ou la consommation individuelle d\u2019eau.<br>Ce mouvement transforme la consommation et le rapport \u00e0 l\u2019eau \u00e0 tel point que la diminution de la consommation d\u2019eau n\u00e9cessite de modifier les syst\u00e8mes de financement de l\u2019eau pour pouvoir supporter les charges. La gestion est \u00e9galement transf\u00e9r\u00e9e \u00e0 une \u00e9chelle de bassin pour pouvoir r\u00e9guler les in\u00e9galit\u00e9s entre territoire.<\/p><\/div><\/div><\/div><\/div><div class=\"gutentor-accordion-wrap\"><div class=\"gutentor-single-item gutentor-single-item-3\"><div class=\"gutentor-single-item-wrap\"><div class=\"gutentor-accordion-heading\"><i class=\"gutentor-accordion-icon open-icon fas fa-plus\"><\/i><i class=\"gutentor-accordion-icon close-icon fas fa-minus\"><\/i><h3 class=\"gutentor-single-item-title\"><strong>Sc\u00e9nario 4\u00a0: En 2050, nouvelle organisation territoriale sur le bassin pour une gestion globale et transversale de l\u2019eau<\/strong> <\/h3><\/div><div class=\"gutentor-accordion-body\"><p class=\"gutentor-single-item-desc\">Suite \u00e0 une prise de conscience qu\u2019il faut changer les choses pour anticiper le futur, le territoire s\u2019organise en mettant en place des structures de gestion \u00e0 l\u2019\u00e9chelle du bassin qui vont lui permettre d\u2019appliquer un plan d\u2019actions d\u2019anticipation.<br>L\u2019eau est prise en compte dans les am\u00e9nagements et le d\u00e9veloppement territorial de mani\u00e8re tr\u00e8s forte puisque c\u2019est la gestion qui d\u00e9termine le reste. L\u2019ensemble des usages est s\u00e9curis\u00e9 par la mise en place de r\u00e9serves qui permettent de supporter les d\u00e9ficits.<br>L\u2019agriculture n\u00e9gocie un plan de transition agro-\u00e9cologique qui est en partie financ\u00e9 par l\u2019application d\u2019un bonus-malus sur les services \u00e9cosyst\u00e9miques. L\u2019ensemble des cours d\u2019eau, zones humides ou d\u2019expansion de crues est renatur\u00e9.<\/p><\/div><\/div><\/div><\/div><\/div><\/div><\/div><\/section>\n","protected":false},"excerpt":{"rendered":"<p>Les 4 sc\u00e9narios globaux de la d\u00e9marche Charente 2050 sont issus d\u2019un travail de prospective mis en \u0153uvre avec une centaine d\u2019acteurs du territoire du bassin de la Charente sur la gestion de l\u2019eau. Les acteurs ont \u00e9labor\u00e9 durant deux s\u00e9ries d\u2019ateliers, les enjeux, puis les futurs possibles d\u2019ici 2050 sur la base desquels ils [&hellip;]<\/p>\n","protected":false},"author":4,"featured_media":0,"parent":0,"menu_order":0,"comment_status":"closed","ping_status":"closed","template":"","meta":{"_coblocks_attr":"","_coblocks_dimensions":"","_coblocks_responsive_height":"","_coblocks_accordion_ie_support":""},"featured_image_src":null,"featured_image_src_square":null,"uagb_featured_image_src":{"full":false,"thumbnail":false,"medium":false,"medium_large":false,"large":false,"1536x1536":false,"2048x2048":false,"ab-block-post-grid-landscape":false,"ab-block-post-grid-square":false,"ultp_layout_landscape_large":false,"ultp_layout_landscape":false,"ultp_layout_portrait":false,"ultp_layout_square":false,"gb-block-post-grid-landscape":false,"gb-block-post-grid-square":false},"uagb_author_info":{"display_name":"Romain Ozog","author_link":"https:\/\/www.charente2050.fr\/?author=4"},"uagb_comment_info":0,"uagb_excerpt":"Les 4 sc\u00e9narios globaux de la d\u00e9marche Charente 2050 sont issus d\u2019un travail de prospective mis en \u0153uvre avec une centaine d\u2019acteurs du territoire du bassin de la Charente sur la gestion de l\u2019eau. Les acteurs ont \u00e9labor\u00e9 durant deux s\u00e9ries d\u2019ateliers, les enjeux, puis les futurs possibles d\u2019ici 2050 sur la base desquels ils\u2026","_links":{"self":[{"href":"https:\/\/www.charente2050.fr\/index.php?rest_route=\/wp\/v2\/pages\/341"}],"collection":[{"href":"https:\/\/www.charente2050.fr\/index.php?rest_route=\/wp\/v2\/pages"}],"about":[{"href":"https:\/\/www.charente2050.fr\/index.php?rest_route=\/wp\/v2\/types\/page"}],"author":[{"embeddable":true,"href":"https:\/\/www.charente2050.fr\/index.php?rest_route=\/wp\/v2\/users\/4"}],"replies":[{"embeddable":true,"href":"https:\/\/www.charente2050.fr\/index.php?rest_route=%2Fwp%2Fv2%2Fcomments&post=341"}],"version-history":[{"count":19,"href":"https:\/\/www.charente2050.fr\/index.php?rest_route=\/wp\/v2\/pages\/341\/revisions"}],"predecessor-version":[{"id":428,"href":"https:\/\/www.charente2050.fr\/index.php?rest_route=\/wp\/v2\/pages\/341\/revisions\/428"}],"wp:attachment":[{"href":"https:\/\/www.charente2050.fr\/index.php?rest_route=%2Fwp%2Fv2%2Fmedia&parent=341"}],"curies":[{"name":"wp","href":"https:\/\/api.w.org\/{rel}","templated":true}]}}