{"id":79,"date":"2020-02-25T11:53:38","date_gmt":"2020-02-25T10:53:38","guid":{"rendered":"http:\/\/www.charente2050.fr\/?page_id=79"},"modified":"2023-08-04T17:48:27","modified_gmt":"2023-08-04T15:48:27","slug":"une-methodologie-participative","status":"publish","type":"page","link":"https:\/\/www.charente2050.fr\/?page_id=79","title":{"rendered":"Une m\u00e9thodologie participative"},"content":{"rendered":"\n<section id=\"section-53d3fb4a-ed4b-40f9-8de1-2a53ec79329d\" class=\"wp-block-gutentor-featured-block gutentor-section gutentor-featured-block featured-template2\"><div class=\"grid-container\"><div class=\"gutentor-grid-item-wrap\"><div class=\"gutentor-single-item\"><div class=\"grid-row\"><div class=\"grid-md-6\"><div class=\"gutentor-single-item-content\"><div class=\"gutentor-featured-content\"><h3 class=\"gutentor-single-item-title\">Au printemps 2019, la d\u00e9marche de prospective Charente 2050 a \u00e9t\u00e9 lanc\u00e9e pour \u00e9tablir les enjeux du territoire \u00e0 2050.<\/h3><p class=\"gutentor-single-item-desc\"><strong>Cette d\u00e9marche repose sur une construction collective. Charente 2050 \u00e9mane des acteurs du territoire pour d\u00e9multiplier les regards sur l\u2019avenir afin d\u2019identifier les risques et anticiper les besoins.<\/strong><\/p><\/div><\/div><\/div><div class=\"grid-md-6\"><div class=\"gutentor-single-item-image-box\"><div class=\"gutentor-image-thumb\"><img class=\"normal-image\" src=\"http:\/\/www.charente2050.fr\/wp-content\/uploads\/2020\/03\/Post-It.jpg\" alt=\"\"\/><\/div><\/div><\/div><\/div><\/div><\/div><\/div><\/section>\n\n\n\n<p><\/p>\n\n\n\n<div class=\"wp-block-getwid-section alignfull alignwide alignwide getwid-section-content-custom-width\"><div class=\"wp-block-getwid-section__wrapper getwid-padding-left-medium getwid-padding-right-medium\"><div class=\"wp-block-getwid-section__inner-wrapper\" style=\"max-width:740px\"><div class=\"wp-block-getwid-section__background-holder\"><div class=\"wp-block-getwid-section__background\"><\/div><div class=\"wp-block-getwid-section__foreground\"><\/div><\/div><div class=\"wp-block-getwid-section__content\"><div class=\"wp-block-getwid-section__inner-content\">\n<div class=\"wp-block-image\"><figure class=\"alignleft size-large\"><img loading=\"lazy\" width=\"1024\" height=\"768\" src=\"http:\/\/www.charente2050.fr\/wp-content\/uploads\/2020\/03\/20191202_160202-1024x768.jpg\" alt=\"\" class=\"wp-image-243\" srcset=\"https:\/\/www.charente2050.fr\/wp-content\/uploads\/2020\/03\/20191202_160202-1024x768.jpg 1024w, https:\/\/www.charente2050.fr\/wp-content\/uploads\/2020\/03\/20191202_160202-300x225.jpg 300w, https:\/\/www.charente2050.fr\/wp-content\/uploads\/2020\/03\/20191202_160202-768x576.jpg 768w, https:\/\/www.charente2050.fr\/wp-content\/uploads\/2020\/03\/20191202_160202-1536x1152.jpg 1536w, https:\/\/www.charente2050.fr\/wp-content\/uploads\/2020\/03\/20191202_160202-2048x1536.jpg 2048w\" sizes=\"(max-width: 1024px) 100vw, 1024px\" \/><\/figure><\/div>\n\n\n\n<p><strong>L\u2019\u00e9tude est divis\u00e9e en plusieurs temps :<\/strong><br>\u2022 R\u00e9alisation d\u2019un diagnostic prospectif : d\u00e9limiter les enjeux du territoire puis apporter un socle de connaissances techniques sur l\u2019\u00e9volution de l\u2019ensemble de ces enjeux <br>\u2022 Elaboration de sc\u00e9narios, sur la base de futurs possibles d\u2019\u00e9volution du territoire et des ressources<br>\u2022 Construction d\u2019un plan d\u2019adaptation : proposer ensemble des alternatives, sur plusieurs ann\u00e9es, pour avancer vers un futur souhaitable et \u00e9viter les sc\u00e9narios \u00ab du pire \u00bb.<\/p>\n\n\n\n<p><\/p>\n\n\n\n<p><strong>Quels sont les objectifs de cette m\u00e9thodologie ?<\/strong><br>\u2022 Une vision transversale des enjeux li\u00e9s \u00e0 l\u2019\u00e9volution du territoire, parmi lesquels le changement climatique, pour anticiper les impacts sur la ressource en eau<br>\u2022 La possibilit\u00e9 d\u2019ouvrir le champ des possibles \u00e0 travers des sc\u00e9narios et d\u2019explorer des pistes qui sortent des sentiers battus<br>\u2022 Une approche globale et participative pour se pr\u00e9parer collectivement aux changements en formalisant un plan d\u2019actions concret et tenant compte des sp\u00e9cificit\u00e9s des sous-bassins composant le bassin de la Charente<br>\u2022 Une strat\u00e9gie moyen \/ long termes adaptative qui pourra \u00eatre int\u00e9gr\u00e9e progressivement dans les politiques publiques et les diff\u00e9rents plans d\u2019actions des acteurs du bassins<\/p>\n\n\n\n<p><\/p>\n<\/div><\/div><\/div><\/div><\/div>\n\n\n\n<section id=\"section-99d27f03-c2d8-458d-a069-0d834b1fee96\" class=\"wp-block-gutentor-gallery gutentor-section gutentor-gallery gutentor-gallery-wrapper enable-masonry gallery-template2 has-color-bg has-custom-bg\"><div class=\"grid-container\"><div class=\"grid-row gutentor-grid-item-wrap full-width-row\"><div class=\"gutentor-gallery-item grid-lg-3 grid-sm-4 grid-xs-12\"><div class=\"gutentor-single-item gutentor-image gutentor-single-item-0\"><div class=\"gutentor-gallery-item-wrap\"><div class=\"gutentor-single-item-image-box\"><div class=\"gutentor-image-thumb\"><img class=\"normal-image\" src=\"http:\/\/www.charente2050.fr\/wp-content\/uploads\/2020\/03\/20191203_105806-scaled.jpg\" alt=\"\"\/><div class=\"overlay\"><\/div><\/div><\/div><div class=\"gutentor-single-item-content\"><div class=\"gutentor-gallery-item-header\"><a href=\"http:\/\/www.charente2050.fr\/wp-content\/uploads\/2020\/03\/20191203_105806-scaled.jpg\" class=\"image-gallery\"><i class=\"gallery-icon fas fa-search\"><\/i><\/a><\/div><div class=\"gutentor-gallery-item-desc\"><\/div><\/div><\/div><\/div><\/div><div class=\"gutentor-gallery-item grid-lg-3 grid-sm-4 grid-xs-12\"><div class=\"gutentor-single-item gutentor-image gutentor-single-item-1\"><div class=\"gutentor-gallery-item-wrap\"><div class=\"gutentor-single-item-image-box\"><div class=\"gutentor-image-thumb\"><img class=\"normal-image\" src=\"http:\/\/www.charente2050.fr\/wp-content\/uploads\/2020\/03\/20191203_170107-scaled.jpg\" alt=\"\"\/><div class=\"overlay\"><\/div><\/div><\/div><div class=\"gutentor-single-item-content\"><div class=\"gutentor-gallery-item-header\"><a href=\"http:\/\/www.charente2050.fr\/wp-content\/uploads\/2020\/03\/20191203_170107-scaled.jpg\" class=\"image-gallery\"><i class=\"gallery-icon fas fa-search\"><\/i><\/a><\/div><div class=\"gutentor-gallery-item-desc\"><\/div><\/div><\/div><\/div><\/div><div class=\"gutentor-gallery-item grid-lg-3 grid-sm-4 grid-xs-12\"><div class=\"gutentor-single-item gutentor-image gutentor-single-item-2\"><div class=\"gutentor-gallery-item-wrap\"><div class=\"gutentor-single-item-image-box\"><div class=\"gutentor-image-thumb\"><img class=\"normal-image\" src=\"http:\/\/www.charente2050.fr\/wp-content\/uploads\/2020\/03\/20191204_122012-scaled.jpg\" alt=\"\"\/><div class=\"overlay\"><\/div><\/div><\/div><div class=\"gutentor-single-item-content\"><div class=\"gutentor-gallery-item-header\"><a href=\"http:\/\/www.charente2050.fr\/wp-content\/uploads\/2020\/03\/20191204_122012-scaled.jpg\" class=\"image-gallery\"><i class=\"gallery-icon fas fa-search\"><\/i><\/a><\/div><div class=\"gutentor-gallery-item-desc\"><\/div><\/div><\/div><\/div><\/div><div class=\"gutentor-gallery-item grid-lg-3 grid-sm-4 grid-xs-12\"><div class=\"gutentor-single-item gutentor-image gutentor-single-item-3\"><div class=\"gutentor-gallery-item-wrap\"><div class=\"gutentor-single-item-image-box\"><div class=\"gutentor-image-thumb\"><img class=\"normal-image\" src=\"http:\/\/www.charente2050.fr\/wp-content\/uploads\/2020\/03\/20191206_113714-scaled.jpg\" alt=\"\"\/><div class=\"overlay\"><\/div><\/div><\/div><div class=\"gutentor-single-item-content\"><div class=\"gutentor-gallery-item-header\"><a href=\"http:\/\/www.charente2050.fr\/wp-content\/uploads\/2020\/03\/20191206_113714-scaled.jpg\" class=\"image-gallery\"><i class=\"gallery-icon fas fa-search\"><\/i><\/a><\/div><div class=\"gutentor-gallery-item-desc\"><\/div><\/div><\/div><\/div><\/div><\/div><\/div><\/section>\n","protected":false},"excerpt":{"rendered":"","protected":false},"author":1,"featured_media":0,"parent":61,"menu_order":0,"comment_status":"closed","ping_status":"closed","template":"","meta":{"_coblocks_attr":"","_coblocks_dimensions":"","_coblocks_responsive_height":"","_coblocks_accordion_ie_support":""},"featured_image_src":null,"featured_image_src_square":null,"uagb_featured_image_src":{"full":false,"thumbnail":false,"medium":false,"medium_large":false,"large":false,"1536x1536":false,"2048x2048":false,"ab-block-post-grid-landscape":false,"ab-block-post-grid-square":false,"ultp_layout_landscape_large":false,"ultp_layout_landscape":false,"ultp_layout_portrait":false,"ultp_layout_square":false,"gb-block-post-grid-landscape":false,"gb-block-post-grid-square":false},"uagb_author_info":{"display_name":"adminCharente2050","author_link":"https:\/\/www.charente2050.fr\/?author=1"},"uagb_comment_info":0,"uagb_excerpt":null,"_links":{"self":[{"href":"https:\/\/www.charente2050.fr\/index.php?rest_route=\/wp\/v2\/pages\/79"}],"collection":[{"href":"https:\/\/www.charente2050.fr\/index.php?rest_route=\/wp\/v2\/pages"}],"about":[{"href":"https:\/\/www.charente2050.fr\/index.php?rest_route=\/wp\/v2\/types\/page"}],"author":[{"embeddable":true,"href":"https:\/\/www.charente2050.fr\/index.php?rest_route=\/wp\/v2\/users\/1"}],"replies":[{"embeddable":true,"href":"https:\/\/www.charente2050.fr\/index.php?rest_route=%2Fwp%2Fv2%2Fcomments&post=79"}],"version-history":[{"count":14,"href":"https:\/\/www.charente2050.fr\/index.php?rest_route=\/wp\/v2\/pages\/79\/revisions"}],"predecessor-version":[{"id":429,"href":"https:\/\/www.charente2050.fr\/index.php?rest_route=\/wp\/v2\/pages\/79\/revisions\/429"}],"up":[{"embeddable":true,"href":"https:\/\/www.charente2050.fr\/index.php?rest_route=\/wp\/v2\/pages\/61"}],"wp:attachment":[{"href":"https:\/\/www.charente2050.fr\/index.php?rest_route=%2Fwp%2Fv2%2Fmedia&parent=79"}],"curies":[{"name":"wp","href":"https:\/\/api.w.org\/{rel}","templated":true}]}}