{"id":86,"date":"2020-02-25T11:55:46","date_gmt":"2020-02-25T10:55:46","guid":{"rendered":"http:\/\/www.charente2050.fr\/?page_id=86"},"modified":"2020-02-26T17:25:17","modified_gmt":"2020-02-26T16:25:17","slug":"donnees-activites-economiques","status":"publish","type":"page","link":"https:\/\/www.charente2050.fr\/?page_id=86","title":{"rendered":"Donn\u00e9es Activit\u00e9s \u00e9conomiques"},"content":{"rendered":"\n<h2>Agriculture<\/h2>\n\n\n\n<p><img loading=\"lazy\" class=\"alignleft wp-image-167\" src=\"http:\/\/www.charente2050.fr\/wp-content\/uploads\/2020\/02\/Activite\u0301-agricole-292x300.png\" alt=\"\" width=\"184\" height=\"189\" srcset=\"https:\/\/www.charente2050.fr\/wp-content\/uploads\/2020\/02\/Activite\u0301-agricole-292x300.png 292w, https:\/\/www.charente2050.fr\/wp-content\/uploads\/2020\/02\/Activite\u0301-agricole-998x1024.png 998w, https:\/\/www.charente2050.fr\/wp-content\/uploads\/2020\/02\/Activite\u0301-agricole-768x788.png 768w, https:\/\/www.charente2050.fr\/wp-content\/uploads\/2020\/02\/Activite\u0301-agricole-1497x1536.png 1497w, https:\/\/www.charente2050.fr\/wp-content\/uploads\/2020\/02\/Activite\u0301-agricole-1995x2048.png 1995w\" sizes=\"(max-width: 184px) 100vw, 184px\" \/><\/p>\n<h6>\u00a0<\/h6>\n<h6>Tendances \u00e0 venir<\/h6>\n<ul>\n<li>Tr\u00e8s forte baisse du <strong>nombre <\/strong>d\u2019exploitations agricoles<\/li>\n<li><strong>Agrandissement <\/strong>des exploitations (surface agricole et CA)<\/li>\n<li>Surfaces toujours en <strong>herbe tr\u00e8s en recul<\/strong><\/li>\n<li>Orientations technico-\u00e9conomiques principalement en grandes cultures (partie m\u00e9diane et aval), polycultures-\u00e9levage (partie m\u00e9diane et aval), \u00e9levage (amont du bassin) et viticulture (Cogna\u00e7ais)<\/li>\n<\/ul>\n<p>Chiffres 2019<\/p>\n<p><img loading=\"lazy\" class=\"wp-image-166 size-large aligncenter\" src=\"http:\/\/www.charente2050.fr\/wp-content\/uploads\/2020\/02\/Donnees-production-agricole-1024x256.jpg\" alt=\"\" width=\"1024\" height=\"256\" srcset=\"https:\/\/www.charente2050.fr\/wp-content\/uploads\/2020\/02\/Donnees-production-agricole-1024x256.jpg 1024w, https:\/\/www.charente2050.fr\/wp-content\/uploads\/2020\/02\/Donnees-production-agricole-300x75.jpg 300w, https:\/\/www.charente2050.fr\/wp-content\/uploads\/2020\/02\/Donnees-production-agricole-768x192.jpg 768w, https:\/\/www.charente2050.fr\/wp-content\/uploads\/2020\/02\/Donnees-production-agricole-1536x384.jpg 1536w, https:\/\/www.charente2050.fr\/wp-content\/uploads\/2020\/02\/Donnees-production-agricole-2048x512.jpg 2048w\" sizes=\"(max-width: 1024px) 100vw, 1024px\" \/><\/p>\n\n\n\n<section id=\"gm2a8fa8e\" class=\"wp-block-gutentor-m4 section-gm2a8fa8e gutentor-module gutentor-advanced-columns\"><div class=\"grid-container\"><div class=\"grid-row\">\n<div id=\"col-gm906def\" class=\"wp-block-gutentor-m4-col col-gm906def gutentor-single-column  grid-lg-6 grid-md-12 grid-12\"><div id=\"section-gm906def\" class=\"section-gm906def gutentor-col-wrap\">\n<p><strong>Assolements<\/strong><\/p>\n\n\n\n<ul>\n<li>Stabilisation des surfaces en prairies et cultures fourrag\u00e8res et une l\u00e9g\u00e8re baisse des cultures c\u00e9r\u00e9ales (notamment du bl\u00e9 et du ma\u00efs qui repr\u00e9sentent la majorit\u00e9 des surfaces)<\/li>\n<\/ul>\n\n\n\n<p><strong>Impacts directs<\/strong><\/p>\n\n\n\n<ul>\n<li>L\u2019<strong>augmentation des temp\u00e9ratures, du nombre de journ\u00e9es estivales <\/strong>et <strong>l\u2019intensification des \u00e9pisodes de s\u00e9cheresse <\/strong>auront des impacts importants, pour certains d\u2019ores et d\u00e9j\u00e0 mesur\u00e9s, sur l\u2019\u00e9cosyst\u00e8me agricole, qu\u2019il s\u2019agisse de la <strong>qualit\u00e9 des<\/strong> <strong>sols ou de la ph\u00e9nologie <\/strong>(cycle de vie des plantes).<\/li>\n<\/ul>\n<\/div><\/div>\n\n\n\n<div id=\"col-gm450cfc\" class=\"wp-block-gutentor-m4-col col-gm450cfc gutentor-single-column  grid-lg-6 grid-md-12 grid-12\"><div id=\"section-gm450cfc\" class=\"section-gm450cfc gutentor-col-wrap\">\n<p><strong>Agriculture biologique<\/strong><\/p>\n\n\n\n<ul>\n<li>Les tendances en mati\u00e8re d\u2019<strong>agriculture biologique <\/strong>montrent que le <strong>march\u00e9 est en plein essor<\/strong>, les fili\u00e8res se structurent et les conversions se multiplient, surtout en polyculture-\u00e9levage et en mara\u00eechage.<\/li>\n<\/ul>\n\n\n\n<p><strong>Services \u00e9cosyst\u00e9miques rendus par l\u2019agriculture<\/strong><\/p>\n\n\n\n<ul>\n<li><strong>Les paysages bocagers :<\/strong> Au gr\u00e9 des remembrements et des retournements de prairies, les paysages bocagers se sont fait du plus en plus rares sur le territoire Charentais.<\/li>\n<\/ul>\n\n\n\n<p><\/p>\n<\/div><\/div>\n<\/div><\/div><\/section>\n\n\n\n<section id=\"gm93d30ef\" class=\"wp-block-gutentor-m4 section-gm93d30ef gutentor-module gutentor-advanced-columns\"><div class=\"grid-container\"><div class=\"grid-row\">\n<div id=\"col-gm1a3223\" class=\"wp-block-gutentor-m4-col col-gm1a3223 gutentor-single-column  grid-lg-6 grid-md-12 grid-12\"><div id=\"section-gm1a3223\" class=\"section-gm1a3223 gutentor-col-wrap\">\n<p><\/p>\n\n\n\n<p class=\"has-large-font-size\">Impact sur la vigne<\/p>\n\n\n\n<p><\/p>\n\n\n\n<p><strong><img loading=\"lazy\" class=\"alignnone  wp-image-171\" src=\"http:\/\/www.charente2050.fr\/wp-content\/uploads\/2020\/02\/Vigne-214x300.png\" alt=\"\" width=\"42\" height=\"59\" srcset=\"https:\/\/www.charente2050.fr\/wp-content\/uploads\/2020\/02\/Vigne-214x300.png 214w, https:\/\/www.charente2050.fr\/wp-content\/uploads\/2020\/02\/Vigne-731x1024.png 731w, https:\/\/www.charente2050.fr\/wp-content\/uploads\/2020\/02\/Vigne-768x1076.png 768w, https:\/\/www.charente2050.fr\/wp-content\/uploads\/2020\/02\/Vigne-1096x1536.png 1096w, https:\/\/www.charente2050.fr\/wp-content\/uploads\/2020\/02\/Vigne-1461x2048.png 1461w, https:\/\/www.charente2050.fr\/wp-content\/uploads\/2020\/02\/Vigne.png 1559w\" sizes=\"(max-width: 42px) 100vw, 42px\" \/><\/strong><\/p>\n<ul>\n<li><strong>Avanc\u00e9e constat\u00e9e ph\u00e9nologiques et dates de vendange (- 6 j\/d\u00e9cennie depuis 1970 sur Cognac) <\/strong><\/li>\n<li><strong>Cas de vignes br\u00fbl\u00e9es par la canicul<\/strong>e dans l\u2019H\u00e9rault et le Gard cet \u00e9t\u00e9 2019 ;<\/li>\n<li><strong>Impact sur le potentiel qualitatif des vignobles : <\/strong>modification des <strong>ar\u00f4mes <\/strong>; augmentation du <strong>degr\u00e9 d\u2019alcool <\/strong>(+1,8\u00b0 en 40ans sur les vignes de Cognac); augmentation des teneurs en sucre et baisse de l\u2019acidit\u00e9, ce qui peut poser probl\u00e8me pour la production de Cognac.<\/li>\n<\/ul>\n\n\n\n<p class=\"has-large-font-size\"><\/p>\n\n\n\n<p><\/p>\n<\/div><\/div>\n\n\n\n<div id=\"col-gmae5482\" class=\"wp-block-gutentor-m4-col col-gmae5482 gutentor-single-column  grid-lg-6 grid-md-12 grid-12\"><div id=\"section-gmae5482\" class=\"section-gmae5482 gutentor-col-wrap\">\n<p><\/p>\n\n\n\n<p class=\"has-large-font-size\">Impact sur la for\u00eat<\/p>\n\n\n\n<p><img loading=\"lazy\" class=\"alignnone  wp-image-172\" src=\"http:\/\/www.charente2050.fr\/wp-content\/uploads\/2020\/02\/Foret-300x300.png\" alt=\"\" width=\"61\" height=\"61\" srcset=\"https:\/\/www.charente2050.fr\/wp-content\/uploads\/2020\/02\/Foret-300x300.png 300w, https:\/\/www.charente2050.fr\/wp-content\/uploads\/2020\/02\/Foret-1024x1024.png 1024w, https:\/\/www.charente2050.fr\/wp-content\/uploads\/2020\/02\/Foret-150x150.png 150w, https:\/\/www.charente2050.fr\/wp-content\/uploads\/2020\/02\/Foret-768x768.png 768w, https:\/\/www.charente2050.fr\/wp-content\/uploads\/2020\/02\/Foret-1536x1536.png 1536w, https:\/\/www.charente2050.fr\/wp-content\/uploads\/2020\/02\/Foret-2048x2048.png 2048w, https:\/\/www.charente2050.fr\/wp-content\/uploads\/2020\/02\/Foret-600x600.png 600w\" sizes=\"(max-width: 61px) 100vw, 61px\" \/><\/p>\n<div class=\"page\" title=\"Page 7\">\n<div class=\"layoutArea\">\n<div class=\"column\">\n<ul>\n<li>Augmentation des se\u0301cheresse impactant significativement les fore\u0302ts du bassin de la Charente.<\/li>\n<li>Changement de distribution des espe\u0300ces, avec une remonte\u0301e d\u2019espe\u0300ces me\u0301diterrane\u0301ennes<\/li>\n<li>Augmentation du risque face aux e\u0301ve\u0300nements extre\u0302mes (tempe\u0302tes, feux).<\/li>\n<\/ul>\n<\/div>\n<\/div>\n<\/div>\n<\/div><\/div>\n<\/div><\/div><\/section>\n\n\n\n<h2>Industrie<\/h2>\n\n\n\n<p><img loading=\"lazy\" class=\"wp-image-182  alignleft\" src=\"http:\/\/www.charente2050.fr\/wp-content\/uploads\/2020\/02\/Goutte-industrie-193x300.png\" alt=\"\" width=\"261\" height=\"406\" srcset=\"https:\/\/www.charente2050.fr\/wp-content\/uploads\/2020\/02\/Goutte-industrie-193x300.png 193w, https:\/\/www.charente2050.fr\/wp-content\/uploads\/2020\/02\/Goutte-industrie-657x1024.png 657w, https:\/\/www.charente2050.fr\/wp-content\/uploads\/2020\/02\/Goutte-industrie-768x1196.png 768w, https:\/\/www.charente2050.fr\/wp-content\/uploads\/2020\/02\/Goutte-industrie.png 945w\" sizes=\"(max-width: 261px) 100vw, 261px\" \/><\/p>\n<h6>\u00a0<\/h6>\n<h6>Paysage industriel du bassin<\/h6>\n<ul>\n<li>La majeure partie des activite\u0301s concerne l\u2019agro- alimentaire (cognac, industries laitie\u0300res, etc.) et sont concentre\u0301es autour de Cognac et Angoule\u0302me<\/li>\n<li>Activite\u0301s de fabrication de papier autour d\u2019Angoule\u0302me mais en perte de dynamique (diminution de 15% de l\u2019emploi industriel)ainsi que de fabrication d\u2019e\u0301quipements et de composants e\u0301lectriques et e\u0301lectroniques.<\/li>\n<\/ul>\n<div class=\"page\" title=\"Page 13\">\n<div class=\"layoutArea\">\n<div class=\"column\">\n<p>Impacts du changement climatique<\/p>\n<p>La disponibilite\u0301 de la ressource en eau peut impacter certaines industries fortement consommatrices en eau. Les circuits de refroidissement pourraient e\u0302tre impacte\u0301s avec la multiplication des e\u0301pisodes caniculaires, (DATA center, &#8230;).<\/p>\n<p>Une moindre dilution des rejets industriels seront alors plus impactant pour les milieux.<\/p>\n<\/div>\n<\/div>\n<\/div>\n\n\n\n<div class=\"wp-block-image\"><figure class=\"aligncenter size-thumbnail is-resized\"><img src=\"http:\/\/www.charente2050.fr\/wp-content\/uploads\/2020\/02\/Rejets-150x150.png\" alt=\"\" class=\"wp-image-184\" width=\"200\" srcset=\"https:\/\/www.charente2050.fr\/wp-content\/uploads\/2020\/02\/Rejets-150x150.png 150w, https:\/\/www.charente2050.fr\/wp-content\/uploads\/2020\/02\/Rejets-600x600.png 600w\" sizes=\"(max-width: 150px) 100vw, 150px\" \/><\/figure><\/div>\n\n\n\n<h3>Retrouvez tout le d\u00e9tail du diagnostic et des donn\u00e9es dans les fiches ci-jointes :<\/h3>\n\n\n\n<ul><li><a rel=\"noreferrer noopener\" href=\"http:\/\/www.fleuve-charente.net\/wp-content\/files\/Charente2050\/2.1_ACTIVITES_Att\u00e9nuation%20du%20changement%20climatique.pdf\" target=\"_blank\">Fiche 2.1 Att\u00e9nuation du changement climatique<\/a><\/li><li><a rel=\"noreferrer noopener\" href=\"http:\/\/www.fleuve-charente.net\/wp-content\/files\/Charente2050\/2.2_ACTIVITES_Activit\u00e9s%20agricoles.pdf\" target=\"_blank\">Fiche 2.2 Evolution de l\u2019activit\u00e9 agricole<\/a><\/li><li><a rel=\"noreferrer noopener\" href=\"http:\/\/www.fleuve-charente.net\/wp-content\/files\/Charente2050\/2.3_ACTIVITES_Changement%20climatique%20et%20agriculture.pdf\" target=\"_blank\">Fiche 2.3 Changement climatique et agriculture<\/a><\/li><li><a rel=\"noreferrer noopener\" href=\"http:\/\/www.fleuve-charente.net\/wp-content\/files\/Charente2050\/2.4_ACTIVITES_Irrigation.pdf\" target=\"_blank\">Fiche 2.4 Irrigation<\/a><\/li><li><a rel=\"noreferrer noopener\" href=\"http:\/\/www.fleuve-charente.net\/wp-content\/files\/Charente2050\/2.5_ACTIVITES_Pratiques%20agricoles.pdf\" target=\"_blank\">Fiche 2.5 Pratiques agricoles<\/a><\/li><li><a rel=\"noreferrer noopener\" href=\"http:\/\/www.fleuve-charente.net\/wp-content\/files\/Charente2050\/2.6_ACTIVITES_Activit\u00e9s%20industrielles.pdf\" target=\"_blank\">Fiche 2.6 Activit\u00e9s industrielles<\/a><\/li><li><a rel=\"noreferrer noopener\" href=\"http:\/\/www.fleuve-charente.net\/wp-content\/files\/Charente2050\/2.7_ACTIVITES_P\u00eache%20et%20conchyliculture.pdf\" target=\"_blank\">Fiche 2.7 P\u00eaches et conchyliculture<\/a><\/li><\/ul>\n","protected":false},"excerpt":{"rendered":"<p>Agriculture \u00a0 Tendances \u00e0 venir Tr\u00e8s forte baisse du nombre d\u2019exploitations agricoles Agrandissement des exploitations (surface agricole et CA) Surfaces toujours en herbe tr\u00e8s en recul Orientations technico-\u00e9conomiques principalement en grandes cultures (partie m\u00e9diane et aval), polycultures-\u00e9levage (partie m\u00e9diane et aval), \u00e9levage (amont du bassin) et viticulture (Cogna\u00e7ais) Chiffres 2019 Industrie \u00a0 Paysage industriel du [&hellip;]<\/p>\n","protected":false},"author":1,"featured_media":0,"parent":64,"menu_order":0,"comment_status":"closed","ping_status":"closed","template":"","meta":{"_coblocks_attr":"","_coblocks_dimensions":"","_coblocks_responsive_height":"","_coblocks_accordion_ie_support":""},"featured_image_src":null,"featured_image_src_square":null,"uagb_featured_image_src":{"full":false,"thumbnail":false,"medium":false,"medium_large":false,"large":false,"1536x1536":false,"2048x2048":false,"ab-block-post-grid-landscape":false,"ab-block-post-grid-square":false,"ultp_layout_landscape_large":false,"ultp_layout_landscape":false,"ultp_layout_portrait":false,"ultp_layout_square":false,"gb-block-post-grid-landscape":false,"gb-block-post-grid-square":false},"uagb_author_info":{"display_name":"adminCharente2050","author_link":"https:\/\/www.charente2050.fr\/?author=1"},"uagb_comment_info":0,"uagb_excerpt":"Agriculture \u00a0 Tendances \u00e0 venir Tr\u00e8s forte baisse du nombre d\u2019exploitations agricoles Agrandissement des exploitations (surface agricole et CA) Surfaces toujours en herbe tr\u00e8s en recul Orientations technico-\u00e9conomiques principalement en grandes cultures (partie m\u00e9diane et aval), polycultures-\u00e9levage (partie m\u00e9diane et aval), \u00e9levage (amont du bassin) et viticulture (Cogna\u00e7ais) Chiffres 2019 Industrie \u00a0 Paysage industriel du\u2026","_links":{"self":[{"href":"https:\/\/www.charente2050.fr\/index.php?rest_route=\/wp\/v2\/pages\/86"}],"collection":[{"href":"https:\/\/www.charente2050.fr\/index.php?rest_route=\/wp\/v2\/pages"}],"about":[{"href":"https:\/\/www.charente2050.fr\/index.php?rest_route=\/wp\/v2\/types\/page"}],"author":[{"embeddable":true,"href":"https:\/\/www.charente2050.fr\/index.php?rest_route=\/wp\/v2\/users\/1"}],"replies":[{"embeddable":true,"href":"https:\/\/www.charente2050.fr\/index.php?rest_route=%2Fwp%2Fv2%2Fcomments&post=86"}],"version-history":[{"count":4,"href":"https:\/\/www.charente2050.fr\/index.php?rest_route=\/wp\/v2\/pages\/86\/revisions"}],"predecessor-version":[{"id":185,"href":"https:\/\/www.charente2050.fr\/index.php?rest_route=\/wp\/v2\/pages\/86\/revisions\/185"}],"up":[{"embeddable":true,"href":"https:\/\/www.charente2050.fr\/index.php?rest_route=\/wp\/v2\/pages\/64"}],"wp:attachment":[{"href":"https:\/\/www.charente2050.fr\/index.php?rest_route=%2Fwp%2Fv2%2Fmedia&parent=86"}],"curies":[{"name":"wp","href":"https:\/\/api.w.org\/{rel}","templated":true}]}}